st common divisor of 1104994641 and 606.
303
Calculate the highest common factor of 187398 and 13848066.
6462
What is the greatest common factor of 181436 and 208772?
268
What is the highest common factor of 7816452 and 35?
7
What is the highest common divisor of 1729 and 782795?
13
Calculate the greatest common divisor of 80963116 and 21685.
4337
What is the greatest common divisor of 261832 and 31096?
184
What is the greatest common divisor of 4201984 and 2830?
566
Calculate the highest common divisor of 189803640 and 117.
39
Calculate the greatest common divisor of 286 and 5954.
26
What is the highest common factor of 34184574 and 1926?
1926
Calculate the highest common factor of 59171 and 47169024.
749
Calculate the highest common divisor of 46906 and 43522.
94
Calculate the greatest common factor of 3244178 and 17544.
1462
Calculate the highest common factor of 1343 and 4667557.
79
Calculate the greatest common divisor of 9351892 and 2024.
1012
Calculate the greatest common factor of 1296020 and 1644.
548
What is the highest common factor of 20885164 and 4?
4
What is the highest common divisor of 579403907 and 1721?
1721
What is the highest common divisor of 682 and 18547903?
11
Calculate the highest common factor of 322594738 and 1004.
502
Calculate the highest common factor of 84 and 149914338.
42
Calculate the greatest common factor of 5389 and 232001839.
5389
Calculate the highest common factor of 179235 and 13167.
63
Calculate the highest common divisor of 2667 and 1166368.
889
What is the highest common divisor of 333 and 1530579?
111
What is the greatest common divisor of 1056 and 90552?
264
Calculate the greatest common divisor of 2607 and 2997489.
33
Calculate the greatest common factor of 6337047 and 118137.
2229
Calculate the highest common factor of 6342 and 77784.
42
What is the highest common divisor of 33649 and 2340800?
1463
What is the greatest common divisor of 7681098 and 102?
6
What is the greatest common factor of 170 and 4724606?
34
Calculate the highest common divisor of 1398824 and 56.
56
What is the highest common factor of 79280 and 136460?
20
What is the greatest common divisor of 286 and 15745301?
143
What is the highest common factor of 1859844 and 924?
84
Calculate the greatest common divisor of 7517683 and 208192.
3253
What is the highest common factor of 1071 and 2045389?
17
What is the highest common factor of 7056 and 2038302?
882
Calculate the greatest common factor of 9152 and 7257888.
352
What is the greatest common factor of 20237380 and 5400?
20
Calculate the highest common divisor of 1026146 and 3586.
22
Calculate the highest common factor of 2627086 and 5929.
539
Calculate the highest common divisor of 1 and 13332179.
1
What is the highest common divisor of 103090 and 88544170?
1690
What is the greatest common factor of 8673 and 29559?
177
Calculate the highest common divisor of 52521 and 13517112.
1281
Calculate the greatest common divisor of 738560 and 214840.
40
Calculate the greatest common divisor of 521079 and 2883.
93
What is the greatest common divisor of 85723260 and 40?
20
What is the highest common divisor of 3020262 and 4704?
294
What is the highest common divisor of 19270 and 197798842?
3854
Calculate the highest common factor of 4041701 and 319.
29
What is the greatest common factor of 8480 and 96566?
106
What is the greatest common divisor of 286 and 307579987?
143
Calculate the greatest common factor of 1225736694 and 734.
734
What is the highest common factor of 16633160 and 24?
8
What is the highest common factor of 11592 and 22832698?
322
Calculate the highest common divisor of 1179440 and 20780.
20
Calculate the greatest common divisor of 32856084 and 108.
108
Calculate the highest common divisor of 1338376 and 234.
26
Calculate the greatest common factor of 6636 and 31492244.
2212
Calculate the highest common factor of 7425 and 105725.
25
What is the greatest common divisor of 1435715 and 4343?
101
What is the greatest common divisor of 295 and 1123652345?
295
Calculate the greatest common factor of 93881 and 3364360.
349
Calculate the greatest common divisor of 119066 and 5155236.
3218
Calculate the highest common factor of 11583734 and 2.
2
Calculate the greatest common divisor of 98566927 and 95.
19
What is the highest common factor of 3701066 and 1699784?
2374
What is the greatest common factor of 7 and 1064539?
7
What is the greatest common factor of 70568550 and 405?
135
Calculate the greatest common divisor of 65771104 and 64.
32
What is the highest common factor of 1586 and 4701697?
793
What is the greatest common divisor of 9795 and 1050677?
653
Calculate the greatest common divisor of 19122904 and 178678.
4358
What is the greatest common divisor of 9053 and 1221803?
11
Calculate the highest common divisor of 264 and 17446.
22
Calculate the highest common factor of 6639032 and 376.
376
What is the highest common factor of 97237457 and 106?
53
What is the highest common divisor of 882 and 1003842?
126
What is the highest common factor of 360 and 13303140?
60
What is the highest common factor of 56350105 and 2660?
665
Calculate the highest common divisor of 1654097 and 135314.
2333
Calculate the greatest common divisor of 251690 and 48310.
10
What is the greatest common factor of 21120 and 9955?
55
Calculate the highest common divisor of 63 and 41739831.
63
Calculate the highest common divisor of 574 and 19476394.
574
What is the highest common divisor of 14449374 and 108?
54
What is the highest common factor of 73 and 697230227?
73
Calculate the greatest common divisor of 1269930795 and 210.
105
What is the greatest common divisor of 792 and 589864?
88
What is the greatest common factor of 61 and 81233029?
61
What is the highest common factor of 22 and 3394347?
11
Calculate the greatest common factor of 12409097 and 851.
37
What is the greatest common divisor of 1011512 and 103045?
557
Calculate the greatest common divisor of 256445 and 4609976.
3017
Calculate the greatest common factor of 156 and 2174136.
12
What is the highest common factor of 19934448 and 885?
177
What is the highest common factor of 38 and 65195327?
19
What is the highest common factor of 219 and 31679518?
73
What is the greatest common divisor of 1337767 and 5769?
641
What is the highest common divisor of 2876 and 154782006?
1438
What is the greatest common divisor of 10419 and 299886?
453
What is the highest common factor of 3489 and 23613?
3
Calculate the highest common factor of 272 and 15543066.
34
What is the highest common divisor of 15860 and 6005090?
130
Calculate the highest common divisor of 2740881 and 143.
143
Calculate the highest common factor of 148658 and 23422.
478
Calculate the highest common divisor of 76699 and 43757.
7
What is the highest common divisor of 113696082 and 54?
54
What is the greatest common factor of 29940 and 2460?
60
What is the greatest common divisor of 210955116 and 12?
12
What is the greatest common divisor of 38193 and 2792265?
87
What is the greatest common factor of 6066882 and 12?
6
Calculate the highest common divisor of 2335560 and 104.
8
Calculate the greatest common divisor of 2717140 and 320.
20
What is the highest common factor of 735353 and 841?
29
Calculate the greatest common divisor of 3376227 and 123.
123
Calculate the highest common divisor of 11833159 and 1052.
263
What is the greatest common factor of 283654664 and 2192?
1096
What is the highest common divisor of 1851789 and 998?
499
Calculate the greatest common divisor of 23781915 and 90.
45
Calculate the highest common divisor of 214817988 and 42.
42
Calculate the highest common divisor of 7483 and 31612.
7
Calculate the greatest common divisor of 125 and 14653425.
25
What is the highest common divisor of 60396912 and 144?
144
Calculate the highest common divisor of 19209530 and 14480.
1810
What is the highest common divisor of 2523620 and 2860?
220
Calculate the highest common divisor of 13095275 and 95.
95
What is the highest common divisor of 1068 and 718?
2
Calculate the greatest common divisor of 5376 and 94719296.
448
What is the greatest common divisor of 6024952 and 3537?
131
Calculate the highest common factor of 21898184 and 2156.
308
Calculate the highest common factor of